{"id":774,"date":"2026-02-09T13:59:43","date_gmt":"2026-02-09T13:59:43","guid":{"rendered":"https:\/\/www.oliver-sport.cz\/new\/?page_id=774"},"modified":"2026-02-09T13:59:44","modified_gmt":"2026-02-09T13:59:44","slug":"dual-tec-flow","status":"publish","type":"page","link":"https:\/\/www.oliver-sport.cz\/new\/badminton\/dual-tec-flow\/","title":{"rendered":"DUAL TEC FLOW"},"content":{"rendered":"\n<div class=\"wp-block-media-text is-stacked-on-mobile is-vertically-aligned-top\"><figure class=\"wp-block-media-text__media\"><img loading=\"lazy\" decoding=\"async\" width=\"500\" height=\"700\" src=\"https:\/\/www.oliver-sport.cz\/wp-content\/uploads\/2026\/02\/oliver-badmintonschlaeger-dual-tec-flow-1600-0_700x700-1.jpg\" alt=\"\" class=\"wp-image-775 size-full\" srcset=\"https:\/\/www.oliver-sport.cz\/new\/wp-content\/uploads\/2026\/02\/oliver-badmintonschlaeger-dual-tec-flow-1600-0_700x700-1.jpg 500w, https:\/\/www.oliver-sport.cz\/new\/wp-content\/uploads\/2026\/02\/oliver-badmintonschlaeger-dual-tec-flow-1600-0_700x700-1-214x300.jpg 214w, https:\/\/www.oliver-sport.cz\/new\/wp-content\/uploads\/2026\/02\/oliver-badmintonschlaeger-dual-tec-flow-1600-0_700x700-1-370x518.jpg 370w\" sizes=\"auto, (max-width: 500px) 100vw, 500px\" \/><\/figure><div class=\"wp-block-media-text__content\">\n<p><strong>DUAL TEC FLOW<\/strong><\/p>\n\n\n\n<p>Nov\u00e1 verze raketa DUAL TEC ve speci\u00e1ln\u00edm \u010derno-r\u016f\u017eov\u00e9m proveden\u00ed speci\u00e1ln\u011b v\u011bnovan\u00e1 \u017een\u00e1m a d\u00edvk\u00e1m.<\/p>\n\n\n\n<p>Aerodynamick\u00e9 profilov\u00e1n\u00ed r\u00e1mu zajist\u00ed v\u00fdkon a rychlost \u00faderu a \u0161vihu.<\/p>\n\n\n\n<div class=\"wp-block-buttons is-content-justification-center is-layout-flex wp-container-core-buttons-is-layout-e1485a7b wp-block-buttons-is-layout-flex\">\n<div class=\"wp-block-button\"><a class=\"wp-block-button__link wp-element-button\" href=\"https:\/\/www.irakety.cz\/badmintonove-rakety\/badmintonova-raketa-oliver-dual-tec-flow\/\">KOUPIT<\/a><\/div>\n<\/div>\n<\/div><\/div>\n\n\n\n<h4 class=\"wp-block-heading\">Charakteristika<\/h4>\n\n\n\n<figure class=\"wp-block-table\"><table class=\"has-fixed-layout\"><tbody><tr><td class=\"has-text-align-left\" data-align=\"left\">K\u00f3d<\/td><td class=\"has-text-align-left\" data-align=\"left\"><strong>33174<\/strong><\/td><\/tr><tr><td class=\"has-text-align-left\" data-align=\"left\">Materi\u00e1l<\/td><td class=\"has-text-align-left\" data-align=\"left\"><strong>Metacarbon\/HMG<\/strong><\/td><\/tr><tr><td class=\"has-text-align-left\" data-align=\"left\">Barva<\/td><td class=\"has-text-align-left\" data-align=\"left\"><strong>\u010dern\u00e1 &#8211;&nbsp;<\/strong>r\u016f\u017eov\u00e1<\/td><\/tr><tr><td class=\"has-text-align-left\" data-align=\"left\">V\u00e1ha<\/td><td class=\"has-text-align-left\" data-align=\"left\"><strong>84 g bez v\u00fdpletu a gripu<\/strong><\/td><\/tr><tr><td class=\"has-text-align-left\" data-align=\"left\">Vyv\u00e1\u017een\u00ed<\/td><td class=\"has-text-align-left\" data-align=\"left\"><strong>do hlavy<\/strong><\/td><\/tr><tr><td class=\"has-text-align-left\" data-align=\"left\">R\u00e1m<\/td><td class=\"has-text-align-left\" data-align=\"left\"><strong>pru\u017en\u00fd<\/strong><\/td><\/tr><tr><td class=\"has-text-align-left\" data-align=\"left\">V\u00fdplet<\/td><td class=\"has-text-align-left\" data-align=\"left\"><strong>MX 1<\/strong><\/td><\/tr><tr><td class=\"has-text-align-left\" data-align=\"left\">C\u00edlov\u00e1 skupina<\/td><td class=\"has-text-align-left\" data-align=\"left\"><strong>v\u0161echny kagorie<\/strong><\/td><\/tr><tr><td class=\"has-text-align-left\" data-align=\"left\">P\u0159ednosti rakety<\/td><td class=\"has-text-align-left\" data-align=\"left\"><strong>Lehk\u00fd r\u00e1m&nbsp;pru\u017en\u00fd shaft. S\u00edla, dynamika.<\/strong><\/td><\/tr><\/tbody><\/table><\/figure>\n","protected":false},"excerpt":{"rendered":"<p>Charakteristika K\u00f3d 33174 Materi\u00e1l Metacarbon\/HMG Barva \u010dern\u00e1 &#8211;&nbsp;r\u016f\u017eov\u00e1 V\u00e1ha 84 g bez v\u00fdpletu a gripu Vyv\u00e1\u017een\u00ed do hlavy R\u00e1m pru\u017en\u00fd V\u00fdplet MX 1 C\u00edlov\u00e1 skupina v\u0161echny kagorie P\u0159ednosti rakety Lehk\u00fd r\u00e1m&nbsp;pru\u017en\u00fd shaft. S\u00edla, dynamika.<\/p>\n","protected":false},"author":1,"featured_media":775,"parent":19,"menu_order":0,"comment_status":"closed","ping_status":"closed","template":"","meta":{"footnotes":""},"class_list":["post-774","page","type-page","status-publish","has-post-thumbnail","hentry"],"_links":{"self":[{"href":"https:\/\/www.oliver-sport.cz\/new\/wp-json\/wp\/v2\/pages\/774","targetHints":{"allow":["GET"]}}],"collection":[{"href":"https:\/\/www.oliver-sport.cz\/new\/wp-json\/wp\/v2\/pages"}],"about":[{"href":"https:\/\/www.oliver-sport.cz\/new\/wp-json\/wp\/v2\/types\/page"}],"author":[{"embeddable":true,"href":"https:\/\/www.oliver-sport.cz\/new\/wp-json\/wp\/v2\/users\/1"}],"replies":[{"embeddable":true,"href":"https:\/\/www.oliver-sport.cz\/new\/wp-json\/wp\/v2\/comments?post=774"}],"version-history":[{"count":1,"href":"https:\/\/www.oliver-sport.cz\/new\/wp-json\/wp\/v2\/pages\/774\/revisions"}],"predecessor-version":[{"id":776,"href":"https:\/\/www.oliver-sport.cz\/new\/wp-json\/wp\/v2\/pages\/774\/revisions\/776"}],"up":[{"embeddable":true,"href":"https:\/\/www.oliver-sport.cz\/new\/wp-json\/wp\/v2\/pages\/19"}],"wp:featuredmedia":[{"embeddable":true,"href":"https:\/\/www.oliver-sport.cz\/new\/wp-json\/wp\/v2\/media\/775"}],"wp:attachment":[{"href":"https:\/\/www.oliver-sport.cz\/new\/wp-json\/wp\/v2\/media?parent=774"}],"curies":[{"name":"wp","href":"https:\/\/api.w.org\/{rel}","templated":true}]}}