{"id":1012,"date":"2026-04-02T12:20:54","date_gmt":"2026-04-02T12:20:54","guid":{"rendered":"https:\/\/www.oliver-sport.cz\/new\/?page_id=1012"},"modified":"2026-04-02T12:33:40","modified_gmt":"2026-04-02T12:33:40","slug":"basic","status":"publish","type":"page","link":"https:\/\/www.oliver-sport.cz\/new\/obleceni\/basic\/","title":{"rendered":"BASIC"},"content":{"rendered":"\n<div class=\"wp-block-media-text is-stacked-on-mobile\"><figure class=\"wp-block-media-text__media\"><img loading=\"lazy\" decoding=\"async\" width=\"1024\" height=\"1024\" src=\"https:\/\/www.oliver-sport.cz\/wp-content\/uploads\/2026\/04\/76057-PROMO-T-SHIRT-Black-158-1024x1024.jpg\" alt=\"\" class=\"wp-image-1013 size-full\" srcset=\"https:\/\/www.oliver-sport.cz\/new\/wp-content\/uploads\/2026\/04\/76057-PROMO-T-SHIRT-Black-158-1024x1024.jpg 1024w, https:\/\/www.oliver-sport.cz\/new\/wp-content\/uploads\/2026\/04\/76057-PROMO-T-SHIRT-Black-158-300x300.jpg 300w, https:\/\/www.oliver-sport.cz\/new\/wp-content\/uploads\/2026\/04\/76057-PROMO-T-SHIRT-Black-158-150x150.jpg 150w, https:\/\/www.oliver-sport.cz\/new\/wp-content\/uploads\/2026\/04\/76057-PROMO-T-SHIRT-Black-158-768x768.jpg 768w, https:\/\/www.oliver-sport.cz\/new\/wp-content\/uploads\/2026\/04\/76057-PROMO-T-SHIRT-Black-158-1536x1536.jpg 1536w, https:\/\/www.oliver-sport.cz\/new\/wp-content\/uploads\/2026\/04\/76057-PROMO-T-SHIRT-Black-158-370x370.jpg 370w, https:\/\/www.oliver-sport.cz\/new\/wp-content\/uploads\/2026\/04\/76057-PROMO-T-SHIRT-Black-158-120x120.jpg 120w, https:\/\/www.oliver-sport.cz\/new\/wp-content\/uploads\/2026\/04\/76057-PROMO-T-SHIRT-Black-158-760x760.jpg 760w, https:\/\/www.oliver-sport.cz\/new\/wp-content\/uploads\/2026\/04\/76057-PROMO-T-SHIRT-Black-158.jpg 1600w\" sizes=\"auto, (max-width: 1024px) 100vw, 1024px\" \/><\/figure><div class=\"wp-block-media-text__content\">\n<p><strong>PROMO T-SHIRT BLACK<\/strong><\/p>\n\n\n\n<figure class=\"wp-block-table\"><table class=\"has-fixed-layout\"><tbody><tr><td class=\"has-text-align-left\" data-align=\"left\">Materi\u00e1l (vl\u00e1kno)<\/td><td class=\"has-text-align-left\" data-align=\"left\"><strong>100 % Polyester, MC- COOL<\/strong><\/td><\/tr><tr><td class=\"has-text-align-left\" data-align=\"left\">Barva<\/td><td class=\"has-text-align-left\" data-align=\"left\"><strong>\u010dern\u00e1<\/strong><\/td><\/tr><tr><td class=\"has-text-align-left\" data-align=\"left\">Velikost<\/td><td class=\"has-text-align-left\" data-align=\"left\"><strong>158, XXS-XXL,<\/strong><\/td><\/tr><tr><td class=\"has-text-align-left\" data-align=\"left\">Pou\u017eit\u00e1 technologie<\/td><td class=\"has-text-align-left\" data-align=\"left\"><strong>MC Cool<\/strong><\/td><\/tr><\/tbody><\/table><\/figure>\n\n\n\n<p><\/p>\n<\/div><\/div>\n\n\n\n<div class=\"wp-block-media-text is-stacked-on-mobile\"><figure class=\"wp-block-media-text__media\"><img loading=\"lazy\" decoding=\"async\" width=\"1024\" height=\"1024\" src=\"https:\/\/www.oliver-sport.cz\/wp-content\/uploads\/2026\/04\/76067-PROMO-T-SHIRT-Petrol-158-1024x1024.jpg\" alt=\"\" class=\"wp-image-1014 size-full\" srcset=\"https:\/\/www.oliver-sport.cz\/new\/wp-content\/uploads\/2026\/04\/76067-PROMO-T-SHIRT-Petrol-158-1024x1024.jpg 1024w, https:\/\/www.oliver-sport.cz\/new\/wp-content\/uploads\/2026\/04\/76067-PROMO-T-SHIRT-Petrol-158-300x300.jpg 300w, https:\/\/www.oliver-sport.cz\/new\/wp-content\/uploads\/2026\/04\/76067-PROMO-T-SHIRT-Petrol-158-150x150.jpg 150w, https:\/\/www.oliver-sport.cz\/new\/wp-content\/uploads\/2026\/04\/76067-PROMO-T-SHIRT-Petrol-158-768x768.jpg 768w, https:\/\/www.oliver-sport.cz\/new\/wp-content\/uploads\/2026\/04\/76067-PROMO-T-SHIRT-Petrol-158-1536x1536.jpg 1536w, https:\/\/www.oliver-sport.cz\/new\/wp-content\/uploads\/2026\/04\/76067-PROMO-T-SHIRT-Petrol-158-370x370.jpg 370w, https:\/\/www.oliver-sport.cz\/new\/wp-content\/uploads\/2026\/04\/76067-PROMO-T-SHIRT-Petrol-158-120x120.jpg 120w, https:\/\/www.oliver-sport.cz\/new\/wp-content\/uploads\/2026\/04\/76067-PROMO-T-SHIRT-Petrol-158-760x760.jpg 760w, https:\/\/www.oliver-sport.cz\/new\/wp-content\/uploads\/2026\/04\/76067-PROMO-T-SHIRT-Petrol-158.jpg 1600w\" sizes=\"auto, (max-width: 1024px) 100vw, 1024px\" \/><\/figure><div class=\"wp-block-media-text__content\">\n<p><strong>PROMO T-SHIRT PETROL<\/strong><\/p>\n\n\n\n<figure class=\"wp-block-table\"><table class=\"has-fixed-layout\"><tbody><tr><td class=\"has-text-align-left\" data-align=\"left\">Materi\u00e1l (vl\u00e1kno)<\/td><td class=\"has-text-align-left\" data-align=\"left\"><strong>100 % Polyester, MC- COOL<\/strong><\/td><\/tr><tr><td class=\"has-text-align-left\" data-align=\"left\">Barva<\/td><td class=\"has-text-align-left\" data-align=\"left\"><strong>modr\u00e1<\/strong><\/td><\/tr><tr><td class=\"has-text-align-left\" data-align=\"left\">Velikost<\/td><td class=\"has-text-align-left\" data-align=\"left\"><strong>158, XXS-XXL,<\/strong><\/td><\/tr><tr><td class=\"has-text-align-left\" data-align=\"left\">Pou\u017eit\u00e1 technologie<\/td><td class=\"has-text-align-left\" data-align=\"left\"><strong>MC Cool<\/strong><\/td><\/tr><\/tbody><\/table><\/figure>\n\n\n\n<p><\/p>\n<\/div><\/div>\n\n\n\n<div class=\"wp-block-media-text is-stacked-on-mobile\"><figure class=\"wp-block-media-text__media\"><img loading=\"lazy\" decoding=\"async\" width=\"1024\" height=\"1024\" src=\"https:\/\/www.oliver-sport.cz\/wp-content\/uploads\/2026\/04\/70035-T-SHIRT-SPORT-Olive-green-XS-1024x1024.jpg\" alt=\"\" class=\"wp-image-1015 size-full\" srcset=\"https:\/\/www.oliver-sport.cz\/new\/wp-content\/uploads\/2026\/04\/70035-T-SHIRT-SPORT-Olive-green-XS-1024x1024.jpg 1024w, https:\/\/www.oliver-sport.cz\/new\/wp-content\/uploads\/2026\/04\/70035-T-SHIRT-SPORT-Olive-green-XS-300x300.jpg 300w, https:\/\/www.oliver-sport.cz\/new\/wp-content\/uploads\/2026\/04\/70035-T-SHIRT-SPORT-Olive-green-XS-150x150.jpg 150w, https:\/\/www.oliver-sport.cz\/new\/wp-content\/uploads\/2026\/04\/70035-T-SHIRT-SPORT-Olive-green-XS-768x768.jpg 768w, https:\/\/www.oliver-sport.cz\/new\/wp-content\/uploads\/2026\/04\/70035-T-SHIRT-SPORT-Olive-green-XS-1536x1536.jpg 1536w, https:\/\/www.oliver-sport.cz\/new\/wp-content\/uploads\/2026\/04\/70035-T-SHIRT-SPORT-Olive-green-XS-370x370.jpg 370w, https:\/\/www.oliver-sport.cz\/new\/wp-content\/uploads\/2026\/04\/70035-T-SHIRT-SPORT-Olive-green-XS-120x120.jpg 120w, https:\/\/www.oliver-sport.cz\/new\/wp-content\/uploads\/2026\/04\/70035-T-SHIRT-SPORT-Olive-green-XS-760x760.jpg 760w, https:\/\/www.oliver-sport.cz\/new\/wp-content\/uploads\/2026\/04\/70035-T-SHIRT-SPORT-Olive-green-XS.jpg 1600w\" sizes=\"auto, (max-width: 1024px) 100vw, 1024px\" \/><\/figure><div class=\"wp-block-media-text__content\">\n<p><strong>T-SHIRT SPORT OLIVER GREEN<\/strong><\/p>\n\n\n\n<figure class=\"wp-block-table\"><table class=\"has-fixed-layout\"><tbody><tr><td class=\"has-text-align-left\" data-align=\"left\">Materi\u00e1l (vl\u00e1kno)<\/td><td class=\"has-text-align-left\" data-align=\"left\"><strong>100 % Polyester, MC- COOL<\/strong><\/td><\/tr><tr><td class=\"has-text-align-left\" data-align=\"left\">Barva<\/td><td class=\"has-text-align-left\" data-align=\"left\"><strong>zelen\u00e1<\/strong><\/td><\/tr><tr><td class=\"has-text-align-left\" data-align=\"left\">Velikost<\/td><td class=\"has-text-align-left\" data-align=\"left\"><strong>XS-XXL,<\/strong><\/td><\/tr><tr><td class=\"has-text-align-left\" data-align=\"left\">Pou\u017eit\u00e1 technologie<\/td><td class=\"has-text-align-left\" data-align=\"left\"><strong>MC Cool<\/strong><\/td><\/tr><\/tbody><\/table><\/figure>\n\n\n\n<p><\/p>\n<\/div><\/div>\n\n\n\n<div class=\"wp-block-media-text is-stacked-on-mobile\"><figure class=\"wp-block-media-text__media\"><img loading=\"lazy\" decoding=\"async\" width=\"1024\" height=\"1024\" src=\"https:\/\/www.oliver-sport.cz\/wp-content\/uploads\/2026\/04\/70040-T-SHIRT-SPORT-Navy-blue-XS-1024x1024.png\" alt=\"\" class=\"wp-image-1016 size-full\" srcset=\"https:\/\/www.oliver-sport.cz\/new\/wp-content\/uploads\/2026\/04\/70040-T-SHIRT-SPORT-Navy-blue-XS-1024x1024.png 1024w, https:\/\/www.oliver-sport.cz\/new\/wp-content\/uploads\/2026\/04\/70040-T-SHIRT-SPORT-Navy-blue-XS-300x300.png 300w, https:\/\/www.oliver-sport.cz\/new\/wp-content\/uploads\/2026\/04\/70040-T-SHIRT-SPORT-Navy-blue-XS-150x150.png 150w, https:\/\/www.oliver-sport.cz\/new\/wp-content\/uploads\/2026\/04\/70040-T-SHIRT-SPORT-Navy-blue-XS-768x768.png 768w, https:\/\/www.oliver-sport.cz\/new\/wp-content\/uploads\/2026\/04\/70040-T-SHIRT-SPORT-Navy-blue-XS-1536x1536.png 1536w, https:\/\/www.oliver-sport.cz\/new\/wp-content\/uploads\/2026\/04\/70040-T-SHIRT-SPORT-Navy-blue-XS-370x370.png 370w, https:\/\/www.oliver-sport.cz\/new\/wp-content\/uploads\/2026\/04\/70040-T-SHIRT-SPORT-Navy-blue-XS-120x120.png 120w, https:\/\/www.oliver-sport.cz\/new\/wp-content\/uploads\/2026\/04\/70040-T-SHIRT-SPORT-Navy-blue-XS-760x760.png 760w, https:\/\/www.oliver-sport.cz\/new\/wp-content\/uploads\/2026\/04\/70040-T-SHIRT-SPORT-Navy-blue-XS.png 1600w\" sizes=\"auto, (max-width: 1024px) 100vw, 1024px\" \/><\/figure><div class=\"wp-block-media-text__content\">\n<p><strong>T-SHIRT SPORT NAVY BLUE<\/strong><\/p>\n\n\n\n<figure class=\"wp-block-table\"><table class=\"has-fixed-layout\"><tbody><tr><td class=\"has-text-align-left\" data-align=\"left\">Materi\u00e1l (vl\u00e1kno)<\/td><td class=\"has-text-align-left\" data-align=\"left\"><strong>100 % Polyester, MC- COOL<\/strong><\/td><\/tr><tr><td class=\"has-text-align-left\" data-align=\"left\">Barva<\/td><td class=\"has-text-align-left\" data-align=\"left\"><strong>zelen\u00e1<\/strong><\/td><\/tr><tr><td class=\"has-text-align-left\" data-align=\"left\">Velikost<\/td><td class=\"has-text-align-left\" data-align=\"left\"><strong>XS-XXL,<\/strong><\/td><\/tr><tr><td class=\"has-text-align-left\" data-align=\"left\">Pou\u017eit\u00e1 technologie<\/td><td class=\"has-text-align-left\" data-align=\"left\"><strong>MC Cool<\/strong><\/td><\/tr><\/tbody><\/table><\/figure>\n\n\n\n<p><\/p>\n<\/div><\/div>\n\n\n\n<div class=\"wp-block-media-text is-stacked-on-mobile\"><figure class=\"wp-block-media-text__media\"><img loading=\"lazy\" decoding=\"async\" width=\"1024\" height=\"1024\" src=\"https:\/\/www.oliver-sport.cz\/wp-content\/uploads\/2026\/04\/88855-Kapuzen-Sweat-XS-1024x1024.jpg\" alt=\"\" class=\"wp-image-1020 size-full\" srcset=\"https:\/\/www.oliver-sport.cz\/new\/wp-content\/uploads\/2026\/04\/88855-Kapuzen-Sweat-XS-1024x1024.jpg 1024w, https:\/\/www.oliver-sport.cz\/new\/wp-content\/uploads\/2026\/04\/88855-Kapuzen-Sweat-XS-300x300.jpg 300w, https:\/\/www.oliver-sport.cz\/new\/wp-content\/uploads\/2026\/04\/88855-Kapuzen-Sweat-XS-150x150.jpg 150w, https:\/\/www.oliver-sport.cz\/new\/wp-content\/uploads\/2026\/04\/88855-Kapuzen-Sweat-XS-768x768.jpg 768w, https:\/\/www.oliver-sport.cz\/new\/wp-content\/uploads\/2026\/04\/88855-Kapuzen-Sweat-XS-1536x1536.jpg 1536w, https:\/\/www.oliver-sport.cz\/new\/wp-content\/uploads\/2026\/04\/88855-Kapuzen-Sweat-XS-370x370.jpg 370w, https:\/\/www.oliver-sport.cz\/new\/wp-content\/uploads\/2026\/04\/88855-Kapuzen-Sweat-XS-120x120.jpg 120w, https:\/\/www.oliver-sport.cz\/new\/wp-content\/uploads\/2026\/04\/88855-Kapuzen-Sweat-XS-760x760.jpg 760w, https:\/\/www.oliver-sport.cz\/new\/wp-content\/uploads\/2026\/04\/88855-Kapuzen-Sweat-XS.jpg 1600w\" sizes=\"auto, (max-width: 1024px) 100vw, 1024px\" \/><\/figure><div class=\"wp-block-media-text__content\">\n<p><strong>KAPUZEN SWEAT<\/strong><\/p>\n\n\n\n<figure class=\"wp-block-table\"><table class=\"has-fixed-layout\"><tbody><tr><td class=\"has-text-align-left\" data-align=\"left\">Materi\u00e1l (vl\u00e1kno)<\/td><td class=\"has-text-align-left\" data-align=\"left\"><strong>80% Bavlna, 20 % Polyester<\/strong><\/td><\/tr><tr><td class=\"has-text-align-left\" data-align=\"left\">Barva<\/td><td class=\"has-text-align-left\" data-align=\"left\"><strong>zelen\u00e1<\/strong><\/td><\/tr><tr><td class=\"has-text-align-left\" data-align=\"left\">Velikost<\/td><td class=\"has-text-align-left\" data-align=\"left\"><strong>XS-XXL,<\/strong><\/td><\/tr><\/tbody><\/table><\/figure>\n\n\n\n<p><\/p>\n<\/div><\/div>\n\n\n\n<div class=\"wp-block-media-text is-stacked-on-mobile\"><figure class=\"wp-block-media-text__media\"><img loading=\"lazy\" decoding=\"async\" width=\"1024\" height=\"1024\" src=\"https:\/\/www.oliver-sport.cz\/wp-content\/uploads\/2026\/04\/70056-Trainingsjackemarine-XXXL-1024x1024.jpg\" alt=\"\" class=\"wp-image-1021 size-full\" srcset=\"https:\/\/www.oliver-sport.cz\/new\/wp-content\/uploads\/2026\/04\/70056-Trainingsjackemarine-XXXL-1024x1024.jpg 1024w, https:\/\/www.oliver-sport.cz\/new\/wp-content\/uploads\/2026\/04\/70056-Trainingsjackemarine-XXXL-300x300.jpg 300w, https:\/\/www.oliver-sport.cz\/new\/wp-content\/uploads\/2026\/04\/70056-Trainingsjackemarine-XXXL-150x150.jpg 150w, https:\/\/www.oliver-sport.cz\/new\/wp-content\/uploads\/2026\/04\/70056-Trainingsjackemarine-XXXL-768x768.jpg 768w, https:\/\/www.oliver-sport.cz\/new\/wp-content\/uploads\/2026\/04\/70056-Trainingsjackemarine-XXXL-1536x1536.jpg 1536w, https:\/\/www.oliver-sport.cz\/new\/wp-content\/uploads\/2026\/04\/70056-Trainingsjackemarine-XXXL-370x370.jpg 370w, https:\/\/www.oliver-sport.cz\/new\/wp-content\/uploads\/2026\/04\/70056-Trainingsjackemarine-XXXL-120x120.jpg 120w, https:\/\/www.oliver-sport.cz\/new\/wp-content\/uploads\/2026\/04\/70056-Trainingsjackemarine-XXXL-760x760.jpg 760w, https:\/\/www.oliver-sport.cz\/new\/wp-content\/uploads\/2026\/04\/70056-Trainingsjackemarine-XXXL.jpg 1600w\" sizes=\"auto, (max-width: 1024px) 100vw, 1024px\" \/><\/figure><div class=\"wp-block-media-text__content\">\n<p><strong>TRAININGSJACKE<\/strong><\/p>\n\n\n\n<figure class=\"wp-block-table\"><table class=\"has-fixed-layout\"><tbody><tr><td class=\"has-text-align-left\" data-align=\"left\">Materi\u00e1l (vl\u00e1kno)<\/td><td class=\"has-text-align-left\" data-align=\"left\"><strong>92 % Polyester, 8% Spandex<\/strong><\/td><\/tr><tr><td class=\"has-text-align-left\" data-align=\"left\">Barva<\/td><td class=\"has-text-align-left\" data-align=\"left\"><strong>tmav\u00e9 modr\u00e1<\/strong><\/td><\/tr><tr><td class=\"has-text-align-left\" data-align=\"left\">Velikost<\/td><td class=\"has-text-align-left\" data-align=\"left\"><strong>XS-XXXL,<\/strong><\/td><\/tr><\/tbody><\/table><\/figure>\n\n\n\n<p><\/p>\n<\/div><\/div>\n\n\n\n<div class=\"wp-block-media-text is-stacked-on-mobile\"><figure class=\"wp-block-media-text__media\"><img loading=\"lazy\" decoding=\"async\" width=\"1024\" height=\"1024\" src=\"https:\/\/www.oliver-sport.cz\/wp-content\/uploads\/2026\/04\/70065-Track-pants-marine-XS-1024x1024.jpg\" alt=\"\" class=\"wp-image-1022 size-full\" srcset=\"https:\/\/www.oliver-sport.cz\/new\/wp-content\/uploads\/2026\/04\/70065-Track-pants-marine-XS-1024x1024.jpg 1024w, https:\/\/www.oliver-sport.cz\/new\/wp-content\/uploads\/2026\/04\/70065-Track-pants-marine-XS-300x300.jpg 300w, https:\/\/www.oliver-sport.cz\/new\/wp-content\/uploads\/2026\/04\/70065-Track-pants-marine-XS-150x150.jpg 150w, https:\/\/www.oliver-sport.cz\/new\/wp-content\/uploads\/2026\/04\/70065-Track-pants-marine-XS-768x768.jpg 768w, https:\/\/www.oliver-sport.cz\/new\/wp-content\/uploads\/2026\/04\/70065-Track-pants-marine-XS-1536x1536.jpg 1536w, https:\/\/www.oliver-sport.cz\/new\/wp-content\/uploads\/2026\/04\/70065-Track-pants-marine-XS-370x370.jpg 370w, https:\/\/www.oliver-sport.cz\/new\/wp-content\/uploads\/2026\/04\/70065-Track-pants-marine-XS-120x120.jpg 120w, https:\/\/www.oliver-sport.cz\/new\/wp-content\/uploads\/2026\/04\/70065-Track-pants-marine-XS-760x760.jpg 760w, https:\/\/www.oliver-sport.cz\/new\/wp-content\/uploads\/2026\/04\/70065-Track-pants-marine-XS.jpg 1600w\" sizes=\"auto, (max-width: 1024px) 100vw, 1024px\" \/><\/figure><div class=\"wp-block-media-text__content\">\n<p><strong>TRACK PANTS<\/strong><\/p>\n\n\n\n<figure class=\"wp-block-table\"><table class=\"has-fixed-layout\"><tbody><tr><td class=\"has-text-align-left\" data-align=\"left\">Materi\u00e1l (vl\u00e1kno)<\/td><td class=\"has-text-align-left\" data-align=\"left\"><strong>92 % Polyester, 8% Spandex<\/strong><\/td><\/tr><tr><td class=\"has-text-align-left\" data-align=\"left\">Barva<\/td><td class=\"has-text-align-left\" data-align=\"left\"><strong>tmav\u00e9 modr\u00e1<\/strong><\/td><\/tr><tr><td class=\"has-text-align-left\" data-align=\"left\">Velikost<\/td><td class=\"has-text-align-left\" data-align=\"left\"><strong>XS-XXXL,<\/strong><\/td><\/tr><\/tbody><\/table><\/figure>\n\n\n\n<p><\/p>\n<\/div><\/div>\n","protected":false},"excerpt":{"rendered":"<p>PROMO T-SHIRT BLACK Materi\u00e1l (vl\u00e1kno) 100 % Polyester, MC- COOL Barva \u010dern\u00e1 Velikost 158, XXS-XXL, Pou\u017eit\u00e1 technologie MC Cool PROMO T-SHIRT PETROL Materi\u00e1l (vl\u00e1kno) 100 % Polyester, MC- COOL Barva modr\u00e1 Velikost 158, XXS-XXL, Pou\u017eit\u00e1 technologie MC Cool T-SHIRT SPORT OLIVER GREEN Materi\u00e1l (vl\u00e1kno) 100 % Polyester, MC- COOL Barva zelen\u00e1 Velikost XS-XXL, Pou\u017eit\u00e1 technologie MC Cool T-SHIRT SPORT NAVY&hellip;<\/p>\n","protected":false},"author":1,"featured_media":0,"parent":987,"menu_order":0,"comment_status":"closed","ping_status":"closed","template":"","meta":{"footnotes":""},"class_list":["post-1012","page","type-page","status-publish","hentry"],"_links":{"self":[{"href":"https:\/\/www.oliver-sport.cz\/new\/wp-json\/wp\/v2\/pages\/1012","targetHints":{"allow":["GET"]}}],"collection":[{"href":"https:\/\/www.oliver-sport.cz\/new\/wp-json\/wp\/v2\/pages"}],"about":[{"href":"https:\/\/www.oliver-sport.cz\/new\/wp-json\/wp\/v2\/types\/page"}],"author":[{"embeddable":true,"href":"https:\/\/www.oliver-sport.cz\/new\/wp-json\/wp\/v2\/users\/1"}],"replies":[{"embeddable":true,"href":"https:\/\/www.oliver-sport.cz\/new\/wp-json\/wp\/v2\/comments?post=1012"}],"version-history":[{"count":2,"href":"https:\/\/www.oliver-sport.cz\/new\/wp-json\/wp\/v2\/pages\/1012\/revisions"}],"predecessor-version":[{"id":1023,"href":"https:\/\/www.oliver-sport.cz\/new\/wp-json\/wp\/v2\/pages\/1012\/revisions\/1023"}],"up":[{"embeddable":true,"href":"https:\/\/www.oliver-sport.cz\/new\/wp-json\/wp\/v2\/pages\/987"}],"wp:attachment":[{"href":"https:\/\/www.oliver-sport.cz\/new\/wp-json\/wp\/v2\/media?parent=1012"}],"curies":[{"name":"wp","href":"https:\/\/api.w.org\/{rel}","templated":true}]}}